37416471?
3, 907, 13751
What are the prime factors of 86822?
2, 43411
What are the prime factors of 880114?
2, 101, 4357
List the prime factors of 688835.
5, 7, 19681
What are the prime factors of 54779?
54779
List the prime factors of 4273796.
2, 37, 67, 431
What are the prime factors of 159231?
3, 53077
List the prime factors of 295788.
2, 3, 157
What are the prime factors of 103784?
2, 12973
What are the prime factors of 3639692?
2, 7, 43, 3023
What are the prime factors of 5512363?
1721, 3203
What are the prime factors of 11464196?
2, 2866049
What are the prime factors of 572201?
7, 43, 1901
What are the prime factors of 555496?
2, 23, 3019
List the prime factors of 6560874.
2, 3, 389, 937
What are the prime factors of 29592?
2, 3, 137
List the prime factors of 4639856.
2, 13, 22307
What are the prime factors of 1216257?
3, 7, 57917
List the prime factors of 1147362.
2, 3, 191227
List the prime factors of 2654389.
2654389
List the prime factors of 1363.
29, 47
List the prime factors of 384322.
2, 192161
What are the prime factors of 6416152?
2, 802019
What are the prime factors of 372498?
2, 3, 7, 181
List the prime factors of 11728530.
2, 3, 5, 11, 359
What are the prime factors of 797488?
2, 49843
List the prime factors of 161702.
2, 233, 347
What are the prime factors of 281341?
353, 797
What are the prime factors of 42655?
5, 19, 449
List the prime factors of 168145.
5, 33629
List the prime factors of 30543708.
2, 3, 13, 15061
List the prime factors of 7099916.
2, 23, 229, 337
What are the prime factors of 32844?
2, 3, 7, 17, 23
List the prime factors of 1147900.
2, 5, 13, 883
What are the prime factors of 2963235?
3, 5, 11, 17959
List the prime factors of 1318235.
5, 263647
List the prime factors of 311151.
3, 17, 6101
List the prime factors of 1262819.
1262819
List the prime factors of 135550.
2, 5, 2711
What are the prime factors of 7784303?
7784303
What are the prime factors of 280759?
280759
List the prime factors of 1821162.
2, 3, 7, 131, 331
List the prime factors of 10364247.
3, 43, 79, 113
List the prime factors of 1250548.
2, 13, 24049
List the prime factors of 220592.
2, 17, 811
What are the prime factors of 174325?
5, 19, 367
List the prime factors of 2181679.
1019, 2141
What are the prime factors of 332713?
47, 7079
List the prime factors of 2234852.
2, 31, 67, 269
What are the prime factors of 10293?
3, 47, 73
What are the prime factors of 10919846?
2, 7, 111427
List the prime factors of 1278701.
1278701
What are the prime factors of 447848?
2, 17, 37, 89
List the prime factors of 913960.
2, 5, 73, 313
List the prime factors of 29918146.
2, 227, 65899
List the prime factors of 667579.
11, 60689
List the prime factors of 2731873.
191, 14303
List the prime factors of 8140890.
2, 3, 5, 271363
List the prime factors of 26154319.
181, 229, 631
What are the prime factors of 313708?
2, 78427
List the prime factors of 5367633.
3, 19, 94169
What are the prime factors of 394301?
353, 1117
List the prime factors of 13880584.
2, 283, 6131
What are the prime factors of 7915418?
2, 7, 565387
List the prime factors of 64396.
2, 17, 947
What are the prime factors of 929165?
5, 185833
What are the prime factors of 21533?
61, 353
What are the prime factors of 24421332?
2, 3, 13, 37, 4231
What are the prime factors of 335063?
47, 7129
What are the prime factors of 7926635?
5, 1069, 1483
List the prime factors of 1379422.
2, 11, 62701
What are the prime factors of 7585587?
3, 17, 43, 1153
What are the prime factors of 6359350?
2, 5, 193, 659
What are the prime factors of 417486?
2, 3, 17, 4093
List the prime factors of 3431078.
2, 7, 157, 223
List the prime factors of 320445.
3, 5, 7121
What are the prime factors of 959586?
2, 3, 159931
What are the prime factors of 17931404?
2, 257, 17443
What are the prime factors of 2179961?
7, 17, 2617
List the prime factors of 7938203.
7, 13, 83, 1051
List the prime factors of 2159996.
2, 19, 97, 293
What are the prime factors of 2071876?
2, 29, 53, 337
What are the prime factors of 6670302?
2, 3, 73, 97, 157
What are the prime factors of 437115?
3, 5, 7, 23, 181
List the prime factors of 707965.
5, 17, 8329
What are the prime factors of 368106?
2, 3, 19, 3229
What are the prime factors of 5112944?
2, 223, 1433
What are the prime factors of 159341?
7, 13, 17, 103
List the prime factors of 1151724.
2, 3, 7, 13711
What are the prime factors of 2239423?
83, 26981
List the prime factors of 5630230.
2, 5, 17, 33119
What are the prime factors of 1071419?
1071419
What are the prime factors of 1592894?
2, 796447
List the prime factors of 978273.
3, 73, 1489
List the prime factors of 1840641.
3, 11, 17, 193
What are the prime factors of 1840175?
5, 73607
List the prime factors of 16822457.
37, 151, 3011
List the prime factors of 842225.
5, 59, 571
What are the prime factors of 2209017?
3, 29, 25391
What are the prime factors of 763562?
2, 47, 8123
What are the prime factors of 785500?
2, 5, 1571
List the prime factors of 15724794.
2, 3, 1231, 2129
List the prime factors of 65891.
7, 9413
List the prime factors of 19561417.
19561417
What are the prime factors of 579719?
7, 11831
List the prime factors of 67145.
5, 13, 1033
What are the prime factors of 1155765?
3, 5, 13, 5927
List the prime factors of 162240.
2, 3, 5, 13
List the prime factors of 3110697.
3, 115211
List the prime factors of 233846.
2, 116923
List the prime factors of 842943.
3, 29, 9689
What are the prime factors of 5209566?
2, 3, 383, 2267
What are the prime factors of 18236951?
18236951
List the prime factors of 72410.
2, 5, 13, 557
List the prime factors of 20174786.
2, 131, 77003
What are the prime factors of 223259?
223259
What are the prime factors of 10207942?
2, 29, 43, 4093
List the prime factors of 189639.
3, 19, 1109
List the prime factors of 5551371.
3, 7, 88117
What are the prime factors of 28003751?
977, 28663
What are the prime factors of 89489?
109, 821
List the prime factors of 18291182.
2, 7, 13, 100501
List the prime factors of 15262398.
2, 3, 109, 2593
List the prime factors of 11802.
2, 3, 7, 281
What are the prime factors of 284434?
2, 142217
List the prime factors of 2288617.
173, 13229
List the prime factors of 709299.
3, 53, 1487
What are the prime factors of 14921974?
2, 31, 240677
What are the prime factors of 2406656?
2, 7, 17, 79
What are the prime factors of 5478014?
2, 113, 24239
What are the prime factors of 876665?
5, 175333
What are the prime factors of 1581333?
3, 13, 3119
List the prime factors of 854042.
2, 7, 53, 1151
List the prime factors of 7435337.
7, 13, 81707
What are the prime factors of 1515059?
7, 13, 16649
List the prime factors of 3497507.
13, 269039
List the prime factors of 2626298.
2, 29, 45281
List the prime factors of 45747.
3, 13, 17, 23
What are the prime factors of 508096?
2, 17, 467
List the prime factors of 5024374.
2, 127, 131, 151
What are the prime factors of 1844777?
11, 29, 5783
What are the prime factors of 217326?
2, 3, 29, 1249
List the prime factors of 48928.
2, 11, 139
What are the prime factors of 320636?
2, 71, 1129
List the prime factors of 439175.
5, 11, 1597
List the prime factors of 201485.
5, 59, 683
List the prime factors of 9595377.
3, 11, 103, 941
List the prime factors of 188544.
2, 3, 491
What are the prime factors of 13937?
7, 11, 181
List the prime factors of 3201418.
2, 11, 13229
What are the prime factors of 19382591?
19382591
List the prime factors of 5248834.
2, 367, 7151
What are the prime factors of 309159?
3, 34351
List the prime factors of 85051.
17, 5003
List the prime factors of 369418.
2, 7, 26387
What are the prime factors of 292389?
3, 97463
List the prime factors of 2811055.
5, 13, 59, 733
List the prime factors of 8718344.
2, 1089793
List the prime factors of 2274567.
3, 758189
What are the prime factors of 166741?
166741
What are the prime factors of 1701735?
3, 5, 7, 19, 853
What are the prime factors of 28770992?
2, 1798187
What are the prime factors of 1370336?
2, 11, 17, 229
What are the prime factors of 7942253?
11, 722023
What are the prime factors of 363837?
3, 23, 5273
What are the prime factors of 571578?
2, 3, 7, 31, 439
List the prime factors of 1514690.
2, 5, 167, 907
What are the prime factors of 683587?
17, 79, 509
What are the pr